 of 150 and v?
75
Let t = -34 + 86. Suppose -3*z + 178 = t. Suppose -5*b + 4*w + 46 = 0, -2*b = 3*b - 3*w - z. Calculate the highest common divisor of b and 42.
6
Let i(j) = j**3 + 6*j**2 + 9*j + 5. Let g be i(-2). Suppose -5*n = -4*o + 524, g*o = 3*n + 222 + 174. Calculate the greatest common factor of 17 and o.
17
Let h(m) = -2*m - 10. Let c be h(8). Suppose 0 = -0*q - 2*q + 3*v - 124, -5*q - 5*v = 260. Let a = c - q. What is the highest common factor of 10 and a?
10
Let x be 2/(-6) + (51520/(-21))/(-16). Let v(y) = -y**3 - 3*y**2 + 8*y + 7. Let t be v(-5). Calculate the highest common factor of x and t.
17
Let m(x) = x**2 - 2*x + 9. Let f be m(-27). Calculate the greatest common factor of 99 and f.
99
Let u be (-4)/8 + 198/4. Let n = u + 336. Suppose -c - 4*c + n = 0. Calculate the highest common divisor of c and 7.
7
Let c(y) = y**2 - 11*y - 16. Let q be c(13). Suppose -36 = -q*b - 2*b. Calculate the greatest common divisor of b and 12.
3
Let c(d) = 7 + 0*d**2 - 2*d**3 - 2*d**3 - 4*d - 4*d**2 + 5*d**3. Let w be c(5). Let h = -99 + 231. Calculate the highest common factor of h and w.
12
Let b be (1*3)/((-3)/(-12)). Suppose 0 = 8*k + 2921 - 3209. What is the greatest common factor of k and b?
12
Let o be (20/(-2))/(4/(-10)). Suppose 4*p - 4*c - 336 = 448, 208 = p + 2*c. Calculate the highest common factor of p and o.
25
Let g(u) = -4*u**3 + 4*u**2 + 4*u + 3. Let s be g(-3). Let h(b) = -b**3 + 16*b**2 - 8*b - 15. Let m be h(15). What is the highest common divisor of s and m?
45
Suppose -15*v = -17*v + 10. Suppose 42 = -v*w + 102. Suppose -4*g = 2*a - 128, 5*g = -5*a + 265 + 45. What is the greatest common factor of w and a?
12
Let c(v) = 3*v + 12. Let j be c(-6). Let z be ((-15)/j - 3)*-56. What is the highest common divisor of z and 28?
28
Suppose 0 = -2177*l + 2182*l - 1815. What is the highest common factor of 33 and l?
33
Suppose -2*y - 4*m = -2*m - 14, -3*y = -2*m - 46. Let d = 187 + -106. Suppose -9 = 3*u - d. What is the highest common factor of y and u?
12
Let y = -17 - -56. What is the greatest common factor of y and 15?
3
Let j = 267 + 23. Suppose 0 = 19*k - 24*k - j. Let n be -1 + 2 + k/(-2). What is the highest common divisor of 6 and n?
6
Suppose -4 = 4*y, -2*y = -0*q - 3*q + 281. What is the highest common divisor of 217 and q?
31
Suppose -5*y = 2*g - 536, 2*y - 9 = 3*g + 213. What is the highest common divisor of y and 4?
4
Let w be 15*((-10)/(-6))/5. Suppose 50 = 3*f + w*u + 12, 0 = -3*f + 5*u - 2. Let z be (-7)/((-21)/f) - -53. Calculate the highest common divisor of 11 and z.
11
Let i(y) = 28 - 15 + 12*y - 15. Let s be i(13). Calculate the greatest common factor of s and 14.
14
Let n = 47 + -50. Let c be (2 - 2/2)/(n/(-171)). Let m = -51 + 89. What is the greatest common factor of m and c?
19
Let z = 2 - 4. Let x(w) = -10*w + 2. Let y be x(z). Suppose -560 + 98 = -14*n. What is the highest common factor of y and n?
11
Suppose 4*z - v + 13 - 2 = 0, -v + 7 = -2*z. Suppose -y = 8 - 9. Let s be y + 17 - (-2 - z). Calculate the greatest common divisor of s and 18.
18
Suppose 0*f = 6*f. Suppose f = -48*v + 42*v + 24. What is the highest common factor of v and 32?
4
Suppose 4*i = -4*n + 558 + 254, 0 = -n - 4. What is the greatest common divisor of 27 and i?
9
Suppose 0 = 2*s - s + 3*m - 34, 3*m = -2*s + 50. Let z be (-25)/(-3) + (-2)/6. What is the highest common factor of z and s?
8
Suppose 4*p = -4*z + 92, -2*z = -5*p + 21 + 122. Suppose -129*f + 126*f = -p. Calculate the highest common factor of 9 and f.
9
Suppose -12*s + 388 + 8 = 0. What is the greatest common factor of 4587 and s?
33
Suppose 23*u = -2913 + 10986. Calculate the highest common divisor of 78 and u.
39
Suppose -292 = -7*q + 5*q. Suppose 4*m = 5*d + 88, -5*m + q = 2*d + 36. What is the greatest common divisor of m and 88?
22
Suppose -4*z + 115 + 1 = 0. Suppose c - z = -26. Suppose 3*b + 2 = 4*b. Calculate the greatest common divisor of b and c.
1
Let p = 800 + -412. Suppose -4*d - 327 = -3*n + 227, -2*d + p = 2*n. Calculate the greatest common divisor of n and 10.
10
Let s = 8 - 6. Suppose -c + 5*j + 45 = 2*j, -138 = -4*c - s*j. Calculate the highest common divisor of 54 and c.
18
Let v = 3 + -3. Let h(f) = -3*f + f - f**2 + 4*f + 12 - f. Let u be h(v). What is the greatest common factor of 84 and u?
12
Suppose 11*v - 3575 = -2*v. What is the highest common divisor of 11 and v?
11
Let v(q) = 3*q**2 + 7*q + 35. Let l be v(-9). Calculate the highest common divisor of l and 172.
43
Suppose 0 = -2*o - 4*r + 6*r + 40, -4 = -r. What is the highest common factor of o and 264?
24
Suppose -2*n - 8 = 8. Let q be (-92)/n - 2/(-4). Suppose 5372*h = 5371*h + 3. What is the greatest common divisor of h and q?
3
Let t be (4 + -2)*(36 + -4). Suppose -t = -4*w - 2*n, 2*w - 2*n - 13 = 13. Let p(c) = 15*c**2. Let y be p(-1). Calculate the highest common divisor of w and y.
15
Suppose 0 = 5*c - 1322 + 442. Suppose -f + 5*f = 12. Let a be (0 - f)/((-3)/16). What is the highest common divisor of a and c?
16
Suppose 10*j - 15*j = -420. Calculate the highest common factor of j and 28.
28
Let h(k) = 12*k + 16. Let t be h(-5). Let r be ((-462)/t)/(6/8 + 0). Calculate the highest common factor of r and 7.
7
Suppose -12*c + 126 = -150. Suppose 4*g = g + 9, -b - g = -c. Suppose -4*w + s + 11 = -6, -w + 5*s = -9. Calculate the highest common factor of w and b.
4
Suppose 4*o - 5*b - 384 = 12, 4*b + 297 = 3*o. What is the highest common factor of o and 36?
9
Let f be (4/(-5)*38)/((-6)/15). What is the greatest common divisor of f and 52?
4
Let u be 248/18 + ((-8)/36)/(-1). Calculate the highest common divisor of 14 and u.
14
Let j(n) = -8*n + 11. Let v be j(1). Let z(h) = 10*h**3 - h. Let w be z(1). What is the highest common factor of v and w?
3
Suppose g = -4*p + 5*g + 216, -4*g - 8 = 0. Calculate the greatest common factor of p and 1300.
52
Let q = 63 + -60. Suppose -337 = -q*l + 407. What is the highest common divisor of l and 31?
31
Let l be (-245708)/(-304) - (-2)/(-8). Calculate the greatest common factor of 16 and l.
8
Let c be (-1 - -2)*125/2*4. Calculate the greatest common divisor of c and 40.
10
Let o = -433 + 552. What is the highest common factor of 170 and o?
17
Let q = 36 - 35. Let g be 9/3*(28/12 + q). What is the greatest common divisor of g and 70?
10
Suppose 0 = -5*q + 5*p - 7*p + 484, -q - 5*p + 106 = 0. Calculate the highest common divisor of q and 36.
12
Suppose 4*o = -4*b + 60, 7*o + 148 = 8*b + 8*o. Let r be ((-57)/4)/((-3)/12). What is the greatest common factor of b and r?
19
Let q = 80 + -71. Suppose 0 = -3*v - q + 342. Calculate the highest common factor of 37 and v.
37
Let i(g) = 6*g**2 + 1 + 0 - 4 - 5*g - 4*g**2. Let w be i(4). Calculate the greatest common divisor of w and 63.
9
Suppose -23 = 4*n - 347. Let m(a) = -2*a - 33. Let i be m(-18). Suppose 2*k + 2*c = i*k + 1, 5*k + 2*c - 55 = 0. What is the greatest common divisor of k and n?
9
Suppose 3*x = 7*x - 5*h - 89, 0 = -4*x - 5*h + 79. What is the highest common factor of x and 91?
7
Suppose r - z = -3*r + 89, -3*r = -z - 66. What is the greatest common factor of 437 and r?
23
Suppose 23*p + 310 - 862 = 0. What is the highest common divisor of p and 184?
8
Suppose 4*l = 5*d - 128, -2*d + 2*l - 5*l = -42. Suppose -28*k + 84 = -d*k. Calculate the greatest common factor of 14 and k.
7
Let q(p) be the first derivative of 3/2*p**2 + 52/3*p**3 - 5 - 4*p. Let a be q(2). Calculate the greatest common factor of 30 and a.
30
Suppose 3*w - 3 = 3*v, 2*w - 7 = -2*w + 5*v. Let m(p) = 2*p**2 + 3*p - 3. Let x be m(-3). Let s = x - w. What is the highest common factor of 24 and s?
8
Let o(g) = -g**2 + 8*g + 162. Let a be o(0). What is the greatest common factor of a and 243?
81
Suppose -5*i + 3 = -22. Suppose 3*b = i + 283. Let q(l) = l**3 + 5*l**2 - 3*l - 3. Let o be q(-5). What is the highest common factor of b and o?
12
Let r = -155 - -96. Let i be (-5)/(15/2)*-6 - r. What is the highest common divisor of 18 and i?
9
Suppose -5*c + 14 = 5*b - 91, 0 = -2*c + 3*b + 27. Let q be (-1)/((-1)/(-108)*-1). What is the greatest common factor of c and q?
18
Let t(g) = -g**2 + g + 15. Let j be t(0). Suppose 12 = 6*y - 2*y. What is the highest common factor of y and j?
3
Let n(q) = q**3 - 7*q**2 - 6*q - 4. Let g be n(8). Let p(v) =